t is the highest common factor of 30 and n?
30
Suppose 0 = 6*d - 92 - 76. Calculate the greatest common divisor of 588 and d.
28
Let k be 135/12 - 10/40*-3. Let o be (-477)/5 + 4/10. Let x be (1 + -3)/(-2) - o. What is the greatest common divisor of x and k?
12
Let z = 2738 + -1906. What is the highest common factor of 26 and z?
26
Let i be (8 - (36 - 10))*(-8)/6. What is the greatest common divisor of 732 and i?
12
Suppose -115 = 4*a + 53. Let o be ((-18)/21)/(2/a). Let d(x) = 3*x**2 + 2*x + 3. Let j be d(3). What is the greatest common factor of j and o?
18
Suppose 0*s + 4*s = 128. Let n(k) = -k**3 - 15*k**2 - 16*k - 12. Suppose -6*w - 12 = 72. Let r be n(w). What is the greatest common factor of r and s?
16
Suppose 116 = 5*d - 3*d. What is the highest common factor of d and 116?
58
Let b be (4/2)/4*162/(-9). Let u(h) = -h**3 - 8*h**2 + h + 8. Let d be u(b). Calculate the highest common divisor of 32 and d.
16
Suppose -3*m + 39 = -m + 3*a, m + 2*a = 19. Suppose 18 = 2*u + 4*p, 3*p - m = -3*u - 3. Calculate the greatest common divisor of 3 and u.
3
Let g(u) = -14*u**3 + u**2 - u + 1. Let z be g(1). Let a = 0 - z. Let b = -145 + 288. What is the greatest common divisor of b and a?
13
Let v = -3 + 6. Suppose 4*p = v*p + 111. Suppose 5*l + f - p = 69, -3*f = 2*l - 72. What is the highest common factor of 9 and l?
9
Let y = -2502 + 2910. Calculate the highest common factor of y and 24.
24
Suppose -8*s = -31*s + 69. What is the highest common factor of s and 27?
3
Suppose -4*g + 9*g = 250. Let o be 5 - 80/(-8) - -10. What is the greatest common divisor of o and g?
25
Let t(l) = -l**2 + 14*l - 15. Let k be t(4). Calculate the highest common divisor of k and 625.
25
Suppose b + 10*g - 9*g = 18, b = 5*g - 18. Let c = 15 + -6. Calculate the highest common factor of c and b.
3
Let z be (-3)/(-15) - (-658)/10. What is the highest common factor of z and 176?
22
Let j be 9/2*72/6. Suppose 4*b - l - 141 = 2*l, 0 = -3*b - 3*l + 111. What is the greatest common factor of b and j?
18
Suppose -5*f + 120 = -2*w, 15*f - 13*f - 2*w = 48. Calculate the greatest common divisor of 56 and f.
8
Suppose -36*q + 49*q = 4212. What is the greatest common divisor of q and 24?
12
Let n be (-6)/9*(-228)/8. Let k = n - 17. Suppose -k*z - 80 = -t, t - 5*z = -16 + 81. Calculate the highest common factor of 10 and t.
10
Let o = 12 - 10. Let g be (5/(-15))/(o/(-18)). Suppose g*r - 64 = x, -r - r = -5*x - 60. What is the greatest common factor of r and 80?
20
Let l(g) = -32*g + 75*g - 36*g. Let d be l(2). What is the greatest common factor of d and 2?
2
Let z(j) = j**3 + j**2 - 2*j - 3. Let a be z(0). Let x be 36*(1 - 13/a). Calculate the greatest common factor of 24 and x.
24
Let s = -27 - -30. Let j(o) = -s*o**3 - 7 - 4*o + 2*o**3 + 4*o - o + 5*o**2. Let n be j(3). What is the greatest common divisor of 32 and n?
8
Let g = 267 - 132. What is the highest common divisor of 27 and g?
27
Let h = -17 - 48. Let w = -41 - h. What is the greatest common divisor of w and 36?
12
Suppose 280*b = 265*b + 7605. Calculate the greatest common factor of b and 156.
39
Suppose 0 = -37*m + 742 + 35. Suppose 3*y + 0*y - 9 = 0. Calculate the greatest common factor of y and m.
3
Suppose 3*f + 5*a - 16 - 60 = 0, -4*f - 4*a = -96. What is the greatest common factor of f and 704?
22
Suppose -5*a = -8*a + 60. Let k = -27 - -9. Let u = k + 48. Calculate the greatest common factor of a and u.
10
Let r = 88 + 2. Suppose y - 3*s + 19 = 2*y, -4*y - s = -21. Suppose -6 = -v + y. Calculate the greatest common divisor of v and r.
10
Let k(t) = 8*t**2 + 36*t + 103. Let a be k(-3). What is the greatest common factor of 402 and a?
67
Suppose 0 = -4*t + 3*s + 112, 3*t - 19 = -4*s + 40. Suppose 0 = 3*c - 56 - 43. Let k = c - t. What is the greatest common factor of k and 12?
4
Let o = -867 - -881. Calculate the highest common divisor of 13 and o.
1
Let u(i) = -17*i**3 - 2*i**2 + 22*i + 42. Let z be u(-2). Calculate the greatest common divisor of z and 112.
14
Suppose -434 = -7*q - 49. Let t be 6/10 - (-7887)/q. Let p be 2/(-4) + (-37)/(-2). Calculate the greatest common divisor of t and p.
18
Suppose 5*v = 142 + 358. Calculate the highest common divisor of 20 and v.
20
Let w be (-350)/(-525) - (-11348)/6. What is the greatest common divisor of w and 44?
44
Let i be (-260)/30*(-6)/4. Let p be (i - 12)/(1 + 0). Let t be -2 + p/(3/108). What is the highest common divisor of 272 and t?
34
Let f = 30 - 31. Let i(s) = -27*s - 3. Let d be i(f). Let m(g) = -g**3 - 2*g**2 + 3*g - 6. Let b be m(-6). Calculate the greatest common factor of d and b.
24
Suppose -4034 = -22*s + 39350. Calculate the highest common divisor of s and 116.
116
Suppose 2*v = 0, q + 2*v - 81 = -39. What is the highest common divisor of 448 and q?
14
Let j be (-1 - 2) + (-6 - -452) + 1. What is the highest common factor of j and 36?
12
Suppose 0 = -19*m + 1293 - 305. Calculate the greatest common factor of 117 and m.
13
Suppose -5*y + 325 = -5*c, -y - 5*c + 22 = -13. Let u = 5 + -7. Let k be u/(-10) + (-59)/(-5). Calculate the highest common factor of k and y.
12
Let s be -1 + (1 - 0 - 2 - -22). What is the highest common factor of 40 and s?
20
Suppose -8*q - 84 = -124. Let y(c) = -40*c**3 - c - 1. Let z = 2 - 3. Let l be y(z). Calculate the greatest common divisor of l and q.
5
Let a(w) = -6*w**2 + 20*w - 7. Let g(l) = l + 1. Let m(q) = -a(q) + 3*g(q). Let c be m(5). What is the greatest common divisor of c and 50?
25
Let l = -14 - -20. Suppose -75 = d - l*d. Suppose 7 = -2*x + 19. Calculate the highest common factor of d and x.
3
Let l(v) = 4*v**3 - 5*v**2 - 3*v + 4. Let o be l(4). Let b = -49 + 70. Calculate the greatest common factor of o and b.
21
Let m(a) = a**2 + 9*a - 2. Let n be m(-5). Let r be (-2196)/(-99) - (-4)/n. What is the highest common divisor of r and 66?
22
Suppose 32*y = 9*y + 851. What is the highest common factor of 148 and y?
37
Suppose -39*p - 6701 = -20780. What is the greatest common factor of p and 76?
19
Let n be (-715)/(-143) - (1 - 3363). Calculate the greatest common factor of 91 and n.
91
Suppose 4*v - 186 = 2*y + 68, 5*v = 3*y + 316. Suppose 0 = -3*l - l + 104. Calculate the greatest common divisor of v and l.
13
Suppose 3*c + c + 6 = -3*p, 0 = -p - 2. Suppose -5*s + 12 + 88 = c. What is the greatest common divisor of s and 70?
10
Let o(k) = 5*k - 10*k + 39*k**2 + 3*k. Let t be o(-2). Calculate the greatest common factor of 32 and t.
32
Let f = -24 + 28. Let x(r) = r + 29. Let g be x(-9). Calculate the highest common divisor of g and f.
4
Let j(v) = v**2 + 13*v + 15. Suppose 0 = -17*p + 21*p + 48. Let i be j(p). Calculate the greatest common factor of 21 and i.
3
Let z(l) = -l**3 + 8*l**2 + l - 3. Let q be z(8). Let v = -49 + 51. What is the greatest common factor of q and v?
1
Let q(j) = 3*j**2 + 5*j + 9. Let g be q(-4). What is the greatest common divisor of g and 111?
37
Let q = -93 - -102. Suppose 0 = 3*o - 6*o + q. What is the highest common factor of 3 and o?
3
Let z be (-56)/(-3)*(-54)/(-8). Let u = -14 - -26. Let g be 53/3 - (-4)/u. Calculate the greatest common factor of g and z.
18
Let q(m) be the first derivative of -m**4/4 - 14*m**3/3 - 9*m**2/2 - 5*m + 9. Let n be q(-14). Let u = -40 + n. Calculate the highest common factor of u and 9.
9
Suppose -3*n + 4*x = -8, 6 - 21 = -3*n - 3*x. Suppose 7 = -3*g + 19. Suppose -68 - 12 = -g*r. Calculate the highest common factor of n and r.
4
Let g(t) = -38*t - 16 + 34 + 34*t + 40. Let p be g(10). What is the greatest common factor of p and 45?
9
Let v(s) = -2*s**3 - 9*s**2 - 11*s + 14. Let b(m) = m**3 + m**2 + m. Let h(j) = 4*b(j) + v(j). Let w be h(6). Calculate the highest common divisor of w and 28.
28
Suppose -14 = u - 34. What is the greatest common divisor of u and 28?
4
Suppose 0 = 5*d + 2*n - 12, -n - 9 = -4*d - 2*n. Suppose -2*o - w + 15 = 0, 3*o + 3*w - 15 = d*o. What is the greatest common factor of 6 and o?
6
Let d = -1379 - -2068. Calculate the highest common divisor of 65 and d.
13
Suppose 0 = -l + 112 + 53. Let i be ((-6)/(-4) + 0)/((-8)/(-16)). Suppose 3*g - 18 - 28 = -j, 4*j + 41 = i*g. Calculate the highest common divisor of g and l.
15
Let f(s) = 6*s - 2. Let i be f(2). Let b be i/(-15) - (-436)/6. Let h(u) = 8*u + 2. Let r be h(2). Calculate the h